Let f(t) = -t**2 + 27*t - 47. Let v be -3 + 1 + ((-18)/(-30))/((-4)/(-180)). Calculate f(v).
3
Let v(a) be the second derivative of a**4/12 + 4*a**3/3 + 3*a**2/2 - 977*a. Determine v(-4).
-13
Let c(l) = l**2 - 47*l - 386. Let x be c(-7). Let a(g) = -4*g - 27. Calculate a(x).
5
Let x(q) be the second derivative of -q**5/20 - 2*q**4/3 + 7*q**3/3 + 20*q**2 - 280*q - 13. Calculate x(-9).
-5
Let k(w) = 2*w. Suppose 0 = 5*z - 3*a - 1792, 3*a - 721 = -3*z + z. Suppose z*n - 25 = 354*n. What is k(n)?
10
Let r(o) = -o**2 + 7*o - 12. Suppose 4*s - 5*s + 6 = 4*d, -4*s - 2*d - 4 = 0. Let q be (116 - 132)*1/s. Give r(q).
-20
Let z(t) = -48*t**2 + t - 16. Let k(g) = 49*g**2 - g + 24. Let r(s) = -4*k(s) - 6*z(s). Calculate r(-1).
94
Let k = -44 + 22. Let o = 27 + k. Let h be o/(-2) + ((-3)/2)/(-1). Let x(v) = -6*v**2 - 1. Give x(h).
-7
Suppose 0 = -4*v - 6*v. Let d(h) = 5 + 5 - h**2 - 6 + v*h**2 - 7*h. Let x be ((-8)/(-2))/((-1)/2). Calculate d(x).
-4
Let g(k) = 2*k**2 - k - 3. Let p = -149 - -156. Suppose -13 = 2*d - p. Calculate g(d).
18
Let j(v) be the first derivative of v**3/3 + 5*v**2 + 2*v + 5368. Let r = 2 + -8. Calculate j(r).
-22
Let k(q) be the third derivative of -7*q**4/24 - 5*q**3/6 + 3*q**2 + 5. Let a(v) = -v - 1. Let y(h) = -5*a(h) + k(h). Give y(-6).
12
Suppose 49*c + 138 = 13*c - 6. Let r(a) = -22*a - 16. Calculate r(c).
72
Let q = -4845 + 4846. Suppose -4 = -2*w - t, -3*t = -5*t. Let i(k) = 5*k - 2 + 7 - w - 2. Determine i(q).
6
Let h(y) = -8*y - 74. Let b be (-4 - (-45)/6)*80/(-28). Determine h(b).
6
Suppose 5*y + 8 + 5 = -3*n, -n = 5*y + 11. Let t(q) = 3*q - 1. Let v(g) = g**3 + 3*g**2 - 3*g - 1. Let u(b) = -t(b) - v(b). What is u(y)?
-2
Let t(k) be the second derivative of -1/3*k**4 + 0 + 1/20*k**5 + 1/3*k**3 - 161*k - k**2. Give t(4).
6
Let d(c) be the first derivative of -c**4/12 + c**3/3 - 3*c**2 - 143*c - 191. Let n(a) be the first derivative of d(a). Determine n(4).
-14
Let x(s) = -4*s + 1. Suppose 3*n = -17*n + 120. Suppose -b - r + n*r + 7 = 0, 3*b = 3*r - 3. Determine x(b).
13
Let n(k) = 13*k + 41 + 22 - 105 + 27 - 8*k**2 + k**3. Calculate n(7).
27
Let f(i) = 3*i**2 - 74*i - 28. Let w = -21317 - -21342. What is f(w)?
-3
Let v(q) be the second derivative of -1/6*q**3 + 1 - 35*q + 1/12*q**4 + 0*q**2. Calculate v(-2).
6
Let q = 376 + -361. Let x(m) = -13 + 48 - 15 - q + 4*m. What is x(-5)?
-15
Let v(m) = -8*m**2 + 20*m - 5. Let p(j) = -2*j**2 + 5*j - 1. Let a(i) = 9*p(i) - 2*v(i). Let q = 354 - 76. Let n = q + -274. Give a(n).
-11
Suppose 7970*i = 7991*i - 189. Let b(q) = -18*q + 163. Calculate b(i).
1
Let v(t) = -12*t - 5*t**2 + 7*t**2 + 4*t**2 + 21 - 5*t**2. Determine v(9).
-6
Let o(k) be the first derivative of 34*k**2 + 25*k + 6212. What is o(-2)?
-111
Let j(v) = 4*v - 5. Suppose 5 = -t + 10. Suppose f + 28 = -t*c, -4*c - 4*f - 13 = 3. What is j(c)?
-29
Suppose 3*b = 4*t - 129 + 142, 0 = 3*b - t - 10. Let c(u) = 8*u - 39. Calculate c(b).
-15
Let o(v) = 8*v - 34. Let q(k) = 23*k - 92. Let n(h) = 8*o(h) - 3*q(h). Calculate n(-2).
14
Let f be ((-4)/(-8))/((-28)/(-672)). Let j(d) = d**3 - 14*d**2 + 24*d - 3. What is j(f)?
-3
Let b(x) = -8*x + 11. Let p = 4062 - 4066. Calculate b(p).
43
Suppose 0 = 5*o - 7*o + 4. Let k be 6 + (-282)/7 - o/(-7). Let l = k + 33. Let t(x) = -5*x**3 - x. Give t(l).
6
Let b(f) = -367*f**2 - 25 + 5*f + 118*f**2 + 121*f**2 + 20*f + 127*f**2. Calculate b(23).
21
Let h = -6 - -13. Let t(z) = 11 - 8 - 37*z + 78*z - 42*z. Calculate t(h).
-4
Let h(w) = -w**2. Let l be (4/6 - 204/63)*(-1113)/318. Determine h(l).
-81
Let b(s) = 4*s**2 - 4*s - 69. Let q be b(5). Let v(o) = -o**3 + 11*o**2 - 2*o + 9. What is v(q)?
-13
Let j(s) = 2*s**2 + 2*s + 103. Let b(t) = t - 1. Let z(v) = b(v) + j(v). Let o(f) be the first derivative of z(f). Determine o(-3).
-9
Suppose -37 + 40 = v. Let s(q) = -3*q + 2*q**2 - 8*q**3 + 0*q**v - 4 + 7*q**3 + 2*q**3. Give s(-4).
-24
Let j(z) = -134*z**2 + 54*z**2 - 22 + 3*z + 8*z + 44*z**2 - z**3 + 44*z**2. Give j(9).
-4
Let l(a) = a**3 + 7*a**2 - 7*a + 11. Suppose -2*z + 4 = 3*n - 4, -5*z = 3*n - 2. Let x(r) = -11*r - 7. Let y be x(z). Let m be -4 + 20/y*-3. Calculate l(m).
3
Let a(s) = -69*s + 13*s**2 + 13*s**2 - 15*s**2 - 64 + 67*s - s**3. What is a(10)?
16
Suppose 17*y - 21*y = -3*f - 109, f = -5*y + 160. Let h(g) = y + 31 - g**2 - 63 + g. Determine h(4).
-13
Let o = -643 - -647. Let r(f) be the second derivative of f**5/20 - f**4/3 + f**3/6 - 5*f**2/2 - 3*f. What is r(o)?
-1
Let o(z) = -41452 + 15*z - 41456 - z**2 + 82895. What is o(11)?
31
Let l be (-4)/3 + (-54462)/(-522). Let j be 4/(1 + (-15)/17). Let w(o) = -o**3 - j*o**2 - 4 - 3*o - 35*o**2 - 30*o**2 + l*o**2. Determine w(3).
-4
Let j(r) = -4*r**2 + 5*r - 4. Let m(i) = 2*i - 1. Let s(v) = 4*v**2 + 4*v - 1. Let w(q) = -4*m(q) + s(q). Let p(o) = 6*j(o) + 7*w(o). Calculate p(2).
17
Let k(f) be the second derivative of -f**4/12 + 10*f**3/3 - 45*f**2/2 - f + 104. Determine k(18).
-9
Let j be ((-8)/12)/(6/(-153)). Suppose -4*n + 2*d - 30 = 0, -4*d + 5*d + j = -2*n. Let z(w) = -7 + 2*w + 7*w + 17*w - 30*w + 3*w. Determine z(n).
1
Let j(q) = -4*q + 8. Let r(g) = -5*g + 9. Let l(u) = 4*j(u) - 3*r(u). Suppose 50*f = 196*f - 28*f - 944. What is l(f)?
-3
Suppose 4*j - 4*y - 4 = 0, -308*y = 5*j - 304*y + 31. Let k(x) = x**3 + 8*x**2 + 18*x - 1. Calculate k(j).
-10
Let v(n) = -2 - 5068*n + 2535*n - 2 + 2542*n. Give v(6).
50
Let l(y) = 7*y. Let m be 11 + (((-16)/4)/(-4) - 6). Suppose -4*d + 3*h = 10, -4*d = 3*h + 2*h - m. What is l(d)?
-7
Let k(v) = 4*v - 27 + 62 + 4*v - 26 + v**2. Let i be 2 + (-4)/(-4 - -2). Suppose -3*n - 2*d = 26, 4*d + 4 = -i*n + 6*n. Give k(n).
-3
Let y(x) = -x. Suppose 13*l - 10*l - 105 = 0. Let h be 98/l + 1/5. Suppose k - 8 = -h. Give y(k).
-5
Let t(i) = -26*i**3 - 13*i**2 - 35*i + 33. Let g(l) = -9*l**3 - l - 1. Let x(h) = 3*g(h) - t(h). Give x(15).
-6
Let f = -860 + 768. Let z be 22/(-5) + (f/20 - -4). Let s(o) = -3*o - 9. What is s(z)?
6
Let l(m) = -2*m - 10. Suppose -30*j + 131*j - 311*j = 246*j. What is l(j)?
-10
Let m(d) = -5*d + 2. Let l(i) = 6*i - 3. Let g(k) = 3*l(k) + 4*m(k). Let j be (-4 + 1 - -76)/(-1). Let v = j + 74. Calculate g(v).
-3
Let u(a) = -6*a + 7. Let i be u(13). Let g = i - -75. Let d(y) = 27 - 29 - y + g*y. Determine d(2).
4
Let y(b) = 32*b**2 + 991*b - 13. Let f be y(-31). Let m(w) = 17*w - 285. Calculate m(f).
21
Let v = -7306 - -7273. Let j(k) = 2*k**2 + 61*k - 166. Calculate j(v).
-1
Let y be (2 - 1)*(21 - 4). Let x(g) = -2*g + 23 - 39 + y. Let r = 1 + -3. Calculate x(r).
5
Let n(g) = 5*g**2 + 5*g - 4. Let u(o) = -7*o**2 - 5*o + 5. Let d(s) = 4*n(s) + 3*u(s). Let r be ((-3)/2)/((-12)/104). Suppose -17 - r = -5*h. Give d(h).
-7
Let j = -506 - -542. Suppose -105*s + 111*s = -j. Let z(x) = x**2 + 10*x + 5. Calculate z(s).
-19
Suppose 5*o + 15 = 2*i, 173 = 3*i - o + 157. Let x(c) = -7*c + 29. What is x(i)?
-6
Let z(v) be the second derivative of -v**4/6 - 4*v**3/3 - v**2 - 13*v + 2. Let s(i) = 8*i**2 + 35*i + 7. Let x(q) = -2*s(q) - 9*z(q). What is x(-3)?
16
Let c(s) = 393*s + 5502. Let h be c(-14). Let o(l) be the second derivative of -1/6*l**3 + 0 - 2*l - 3*l**2. Give o(h).
-6
Let i = 22 + -18. Let v(h) be the second derivative of 0 - 19*h - 1/12*h**4 + h**2 + 2/3*h**3. Determine v(i).
2
Let q(d) be the first derivative of -9*d**2/2 + 10*d - 2238. What is q(-8)?
82
Let o be (-335)/(-20) - ((-1)/(-1))/(-4). Let k(z) = z**3 + o - 17 + 13*z**2 + 7 + 0*z**3. Calculate k(-13).
7
Let n(x) = 26*x**3 + 52*x**2 + 5*x - 11. Let l(w) = -15*w**3 - 29*w**2 - 2*w + 5. Let b(q) = -7*l(q) - 4*n(q). Let v be (-3 + 1)/((-3)/9). What is b(v)?
9
Let y(t) = -t - 1. Let j(d) = 3*d + 7. Let q(a) = j(a) + 4*y(a). Let m be q(-3). Let w(o) be the first derivative of -o**3/3 + 4*o**2 - o - 84. What is w(m)?
11
Let d be (-16)/3*(-33)/(-2). Let u(t) = -t**2 - 5*t + 19. Let g be u(-13). Let w = d - g. Let m(c) = 4*c + 4. Calculate m(w).
-8
Suppose -5 = x, -2*h - 2 = -5*h + 4*x. Let m(t) be the second derivative of 1/12*t**4 - 22*t + 4/3*t**3 - 3/2*t**2 + 0. Determine m(h).
-15
Let a(j) = -33*j**3 - 114*j**2 - 115*j - 384. Let q(z) = 79*z**3 + 286*z**2 + 288*z + 960. Let k(r) = -12*a(r) - 5*q(r). Calculate k(63).
-3
Let p(v) = 15*v + 48. Let n be p(-11). Let o = -109 - n. Let u(z) = z**2 - 6*z + 4. Give u(o).
20
Suppose -5